20. Give n(-158).
4
Let u(v) = -197*v - 4438. Calculate u(-22).
-104
Let t(z) = -z**2 + 19*z + 48. Give t(12).
132
Let v(p) = -513*p - 27176. Determine v(-53).
13
Let g(q) = -2*q**2 + 29*q - 94. Give g(9).
5
Let g(t) = t**3 - 4*t**2 - 324*t + 1298. Determine g(4).
2
Let o(u) = 47*u + 1044. What is o(-24)?
-84
Let w(y) = y**2 - 83*y + 607. What is w(8)?
7
Let n(z) = 47*z - 318. Determine n(12).
246
Let l(x) = 2597*x - 10395. Give l(4).
-7
Let s(v) = -14*v - 596. What is s(-39)?
-50
Let p(h) = -3*h + 227. What is p(41)?
104
Let w(g) = g + 91. Give w(-9).
82
Let d(w) = -14*w**2 + 37*w + 1. Determine d(3).
-14
Let g(r) = r**3 - 13*r**2 - 571*r - 239. Give g(-18).
-5
Let w(f) = 3*f**2 - 40*f - 15. Determine w(14).
13
Let d(p) = -6072*p - 103224. Determine d(-17).
0
Let c(h) = h**3 - 7*h**2 - 17*h + 129. Determine c(5).
-6
Let l(f) = -f**3 + 2*f**2 + 60*f - 167. What is l(3)?
4
Let l(h) = 90*h + 3950. Calculate l(-44).
-10
Let t(p) = 7*p**2 + 165*p + 239. Calculate t(-22).
-3
Let c(u) = -3*u - 66. Give c(5).
-81
Let b(c) = 3*c**3 - 59*c**2 - 3*c + 43. Determine b(19).
-736
Let o(d) = 14*d**2 - 313*d + 658. Determine o(20).
-2
Let l(n) = -9*n - 302. What is l(-19)?
-131
Let z(w) = 37*w**2 + 105*w - 9. What is z(-3)?
9
Let h(m) = 14559*m + 276613. Determine h(-19).
-8
Let p(l) = -45*l**2 - 1908*l - 764. Determine p(-42).
-8
Let h(s) = -4*s**2 + 85*s + 10. What is h(0)?
10
Let u(a) = -a**2 - 5*a + 27. Calculate u(-13).
-77
Let h(f) = -2*f**2 - 35*f - 11. What is h(-17)?
6
Let w(m) = -7*m**3 - 2*m**2 + 3*m + 2. Determine w(2).
-56
Let n(x) = -8*x**2 + 2*x + 1. What is n(-1)?
-9
Let u(r) = -39*r**2 + 16*r - 38. Calculate u(2).
-162
Let r(u) = -u**3 - 7*u**2 - 3*u - 28. Determine r(-7).
-7
Let h(w) = -w**2 + 225*w + 5966. Determine h(-24).
-10
Let a(c) = 2*c**3 + 38*c**2 - 90*c - 131. Calculate a(-21).
-5
Let g(d) = 105*d + 252. Determine g(-3).
-63
Let k(z) = -76*z + 85. What is k(4)?
-219
Let i(p) = p**3 - 42*p**2 - 77*p - 459. Determine i(44).
25
Let p(n) = 2240*n - 221760. What is p(99)?
0
Let s(w) = -w**3 - 60*w**2 + 543*w - 17. Give s(8).
-25
Let d(q) = -q**3 - 109*q**2 + 4001*q - 128. What is d(-138)?
10
Let s(j) = 29*j**2 + 97*j + 14. Determine s(-3).
-16
Let o(d) = 3253*d + 6537. Determine o(-2).
31
Let x(s) = 1547*s - 7739. Determine x(5).
-4
Let l(q) = 184*q - 676. Determine l(6).
428
Let n(u) = 20*u - 301. Determine n(10).
-101
Let f(u) = 8*u**2 + 19*u - 34. Give f(2).
36
Let l(k) = k**3 + 2*k**2 - 273*k + 269. Give l(-18).
-1
Let x(p) = -262*p + 3203. Determine x(12).
59
Let o(p) = 10*p + 279. Give o(-23).
49
Let a(d) = d**2 - 400*d + 4263. What is a(11)?
-16
Let h(u) = u**2 + 1780*u - 19699. Give h(11).
2
Let d(p) = 2*p**3 - 52*p**2 - 629*p - 37. Calculate d(35).
-2
Let x(y) = y + 61. Determine x(-4).
57
Let n(a) = 688*a + 19267. Give n(-28).
3
Let x(f) = -187*f + 17770. Give x(95).
5
Let t(k) = k**3 + 48*k**2 - 392*k - 62. Determine t(-55).
323
Let z(t) = t**3 + 25*t**2 + 67*t + 34. What is z(-22)?
12
Let n(z) = 2218*z - 135290. What is n(61)?
8
Let z(p) = 70*p - 5. Determine z(0).
-5
Let w(j) = -249*j - 45795. What is w(-184)?
21
Let h(m) = m**2 + 17*m - 842. Calculate h(-40).
78
Let y(n) = -2*n**2 + 103*n - 681. Give y(45).
-96
Let q(v) = 11*v**2 + 57*v + 19. What is q(-5)?
9
Let y(s) = -1182*s**3 + 9457*s**2 - 14*s + 50. Determine y(8).
2
Let c(t) = -30*t - 1740. Give c(-58).
0
Let u(r) = -10*r + 9. What is u(-1)?
19
Let t(v) = v**2 - 30*v + 157. Give t(7).
-4
Let p(r) = -46*r - 1366. Calculate p(-29).
-32
Let l(u) = -u**2 - 100*u - 1847. What is l(-42)?
589
Let p(u) = u**2 - 58*u - 454. Give p(-7).
1
Let g(t) = t**3 + 10*t**2 - 8*t - 124. Give g(-10).
-44
Let p(z) = -z**3 - 51*z**2 - 63*z - 643. Give p(-50).
7
Let v(t) = 327*t + 12093. What is v(-37)?
-6
Let f(i) = -2305*i + 6. What is f(0)?
6
Let r(s) = 23*s + 417. Determine r(-19).
-20
Let o(i) = 34*i**2 + i - 6. What is o(-2)?
128
Let m(v) = 35*v - 2481. What is m(72)?
39
Let k(d) = 428*d - 2527. Calculate k(6).
41
Let k(h) = 16*h - 405. Calculate k(25).
-5
Let f(d) = -d**2 - 33*d - 147. Give f(-18).
123
Let x(g) = g**2 + 304*g - 1190. Determine x(4).
42
Let k(m) = 11*m - 562. Determine k(37).
-155
Let a(z) = -z**2 - 956*z - 22345. What is a(-24)?
23
Let d(m) = 3*m**2 - 48*m + 93. What is d(14)?
9
Let p(q) = 230*q - 902. Determine p(7).
708
Let g(s) = 4*s**3 - 194*s**2 - 295*s - 245. Determine g(50).
5
Let p(b) = b**3 + 9*b**2 + 8*b - 1. Give p(-2).
11
Let r(q) = q**2 - 4*q - 49. What is r(6)?
-37
Let f(z) = -z**3 - 186*z**2 - 3321*z - 15. Give f(-20).
5
Let i(b) = -6*b**2 + 44*b + 61. Give i(9).
-29
Let r(j) = j**3 - 268*j**2 + 546*j - 3696. Give r(266).
28
Let u(w) = w**3 - 44*w**2 - 91*w - 167. Determine u(46).
-121
Let f(c) = c**3 + 19*c**2 - 723*c + 22. Calculate f(19).
3
Let x(y) = y**2 + 46*y + 552. What is x(-24)?
24
Let p(x) = -24*x - 562. Calculate p(-22).
-34
Let b(z) = z**3 - 11*z**2 - 11*z + 5. What is b(12)?
17
Let u(m) = m**2 + 56*m + 99. Determine u(-53).
-60
Let v(o) = -o**3 + 114*o**2 + 224*o + 1049. Give v(116).
121
Let m(p) = -13*p + 1060. Calculate m(74).
98
Let c(h) = -h**3 + 73*h**2 + 19*h - 1377. Determine c(73).
10
Let p(q) = q**2 + 99*q + 13. What is p(-97)?
-181
Let x(t) = -15*t - 443. What is x(-15)?
-218
Let u(q) = 2061*q + 6185. Give u(-3).
2
Let p(f) = -102*f + 2417. Give p(20).
377
Let k(s) = -s**2 + 21*s - 71. Calculate k(16).
9
Let f(y) = 246*y + 239. What is f(-1)?
-7
Let f(k) = k**3 - 30*k**2 - 5*k + 76. What is f(30)?
-74
Let r(w) = -w**2 - 4793*w - 52600. Calculate r(-11).
2
Let r(s) = 35*s - 158. What is r(-9)?
-473
Let u(z) = -16287*z - 228014. Calculate u(-14).
4
Let r(x) = 2*x**3 - 135*x**2 + 68*x + 10. Give r(67).
77
Let y(q) = -84*q**2 + 3780*q - 49. Calculate y(45).
-49
Let n(t) = -t**2 - 2*t + 38. Calculate n(7).
-25
Let x(t) = -34*t**3 - t + 7. Give x(-2).
281
Let h(a) = a**2 + 156*a + 193. Calculate h(0).
193
Let m(n) = n**3 + 12*n**2 - 112. What is m(3)?
23
Let p(m) = -m**2 + 2*m - 11. What is p(6)?
-35
Let y(n) = n**3 + 9*n**2 - 19*n - 165. Give y(-9).
6
Let l(w) = -w**3 - 37*w**2 - 68*w + 91. Give l(-35).
21
Let n(z) = 66*z + 491. Determine n(-2).
359
Let x(w) = -701*w + 9815. What is x(14)?
1
Let s(i) = -454*i - 5110. What is s(-11)?
-116
Let d(g) = -133*g + 791. What is d(6)?
-7
Let m(b) = b**2 + 44*b - 437. Calculate m(-49).
-192
Let r(s) = 5*s**2 - 32*s - 152. Calculate r(-4).
56
Let j(c) = 438*c - 419. Give j(1).
19
Let z(v) = v**3 + 12*v**2 - 8*v - 52. Calculate z(-11).
157
Let i(w) = 65*w - 1447. What is i(23)?
48
Let t(i) = -112*i + 17468. Calculate t(156).
-4
Let t(d) = 5*d - 177. Calculate t(34).
-7
Let h(a) = 65*a - 423. Give h(8).
97
Let w(p) = -197*p - 8841. Calculate w(-45).
24
Let s(z) = 48*z - 1390. Calculate s(32).
146
Let h(k) = k**2 - 1732*k - 19170. What is h(-11)?
3
Let i(l) = 86*l + 75. Calculate i(-1).
-11
Let v(n) = -n**3 + 7*n**2 - 37*n + 246. Give v(7).
-13
Let a(o) = 4*o**2 + 166*o + 1273. Give a(-8).
201
Let r(u) = 16*u**3 + 9*u**2 + 56*u + 47. Give r(-1).
-16
Let y(m) = -m**2 - 211*m - 7698. Calculate y(-164).
10
Let r(l) = l - 41. Calculate r(-11).
-52
Let t(n) = n**3 + 12*n**2 + 18*n + 21. What is t(-8)?
133
Let p(u) = 13791*u + 55153. What is p(-4)?
-11
Let a(r) = -7*r**2 - 159*r + 113. Give a(-23).
67
Let i(t) = -t**3 + 47*t**2 - 92*t + 14. Calculate i(45).
-76
Let i(q) = q**2 - 141*q + 2887. Determine i(25).
-13
Let z(g) = 4*g**2 + 314*g - 2409. What is z(7)?
-15
Let k(z) = -3*z**2 + 20*z - 25. Calculate k(2).
3
Let g(l) = -2*l**3 - 171*l**2 - 82*l + 27. Determine g(-85).
-228
Let n(x) = 1426*x + 10. Calculate n(0).
10
Let m(p) = p**3 + 50*p**2 - 4*p - 613. Determine m(-50).
-413
Let c(n) = -26*n - 396. Determine c(-25).
254
Let h(y) = 18*y - 288. Give h(15).
-18
Let o(a) = 373*a + 12686. Determine o(-34).
4
Let q(w) = w**2 + 4*w - 43. What is q(5)?
2
Let b(n) = 2*n**3 + 73*n**2 + 103*n - 94. Determine b(-35).
-24
Let c(i) = -10*i - 61. Calculate c(24).
-301
Let p(s) = -s**2 - 2544*s - 2544. Determine p(-1).
-1
Let a(h) = h**3 - 68*h**2 + 493*h - 778. Calculate a(60).
2
Let r(l) = -5*l**2 + 3*l + 217. Determine r(10).
-253
Let l(x) = 61*x - 175. What is l(6)?
191
Let w(k) = -k**2 + 18*k - 125. What is w(11)?
-48
Let n(z) = z**2 + 380*z + 4772. Calculate n(-13).
1
Let p(h) = -11*h + 46. Calculate